{"id":5057,"date":"2024-04-18T21:20:01","date_gmt":"2024-04-18T19:20:01","guid":{"rendered":"https:\/\/esmfoundation.org\/?page_id=5057"},"modified":"2025-12-09T15:45:41","modified_gmt":"2025-12-09T14:45:41","slug":"datenschutz","status":"publish","type":"page","link":"https:\/\/esmfoundation.org\/de\/datenschutz\/","title":{"rendered":"Datenschutzerkl\u00e4rung"},"content":{"rendered":"\n<h4 class=\"wp-block-heading\">1. Einleitung<\/h4>\n\n\n\n<p>Diese Datenschutzerkl\u00e4rung gilt f\u00fcr die Stiftung ESM, nachfolgend als \u201ewir\u201c oder \u201euns\u201c bezeichnet, mit Sitz an der Junkerngasse 56, CH-3011 Bern . Wir sind uns der Bedeutung des Schutzes pers\u00f6nlicher Daten bewusst und verpflichten uns, die Privatsph\u00e4re der Besucher der ESM-Website und unserer Gesch\u00e4ftspartner zu respektieren. Diese Datenschutzerkl\u00e4rung erl\u00e4utert, wie wir personenbezogene Daten bearbeiten, die wir im Zusammenhang mit Ihrem Besuch auf unserer Website esmfoundation.org und w\u00e4hrend unserer Gesch\u00e4ftsbeziehungen erfassen, und informiert Sie \u00fcber Ihre Rechte. Diese Rechte richten sich nach den geltenden Datenschutzgesetzen. Durch die weitere Nutzung unserer Website erkl\u00e4ren Sie sich mit den in dieser Datenschutzrichtlinie beschriebenen Praktiken einverstanden.<\/p>\n\n\n\n<h4 class=\"wp-block-heading\">2. Geltungsbereich<\/h4>\n\n\n\n<p>Diese Datenschutzrichtlinie gilt f\u00fcr alle Personen, die unsere Website besuchen oder mit uns in der Schweiz und der Europ\u00e4ischen Union (EU) in Kontakt treten.<\/p>\n\n\n\n<h4 class=\"wp-block-heading\">3. Verantwortliche Instanz<\/h4>\n\n\n\n<p>Die verantwortliche Stelle f\u00fcr die Datenbearbeitung im Sinne des Datenschutzgesetzes ist die ESM Stiftung, Junkerngasse 56, CH-3011 Bern, info@esmfoundation.org, +41 31 311 01 68.<\/p>\n\n\n\n<h4 class=\"wp-block-heading\">4. Erhebung und Bearbeitung von personenbezogenen Daten<\/h4>\n\n\n\n<p>Personenbezogene Daten sind alle Informationen, die sich auf eine identifizierte oder identifizierbare nat\u00fcrliche Person beziehen. Wir erheben und bearbeiten personenbezogene Daten nur in dem Umfang, der f\u00fcr die Bereitstellung einer funktionsf\u00e4higen Website sowie unserer Inhalte und Leistungen erforderlich ist. Die Bearbeitung erfolgt auf der Grundlage Ihrer Einwilligung, zur Erf\u00fcllung eines Vertrags oder vorvertraglicher Ma\u00dfnahmen und zur Wahrung unserer berechtigten Interessen. Die Daten k\u00f6nnen f\u00fcr folgende Zwecke erhoben und bearbeitet werden:<\/p>\n\n\n\n<ul class=\"wp-block-list\">\n<li>Um unser Angebot und unsere Website zu analysieren und zu verbessern.<\/li>\n<\/ul>\n\n\n\n<ul class=\"wp-block-list\">\n<li>Zur Erf\u00fcllung gesetzlicher Verpflichtungen.<\/li>\n<\/ul>\n\n\n\n<h4 class=\"wp-block-heading\">4.1. Logfiles<\/h4>\n\n\n\n<p>Unsere Website wird von Devault (Seftigenstrasse 310, CH-3084 Wabern) gehostet. Um unsere Website zu optimieren und zu pflegen, protokollieren wir technische Fehler, die beim Zugriff auf unsere Website auftreten k\u00f6nnen. Dar\u00fcber hinaus werden bei der Nutzung dieser Website automatisch Informationen erhoben, die der Browser Ihres Ger\u00e4ts an unseren Host-Provider \u00fcbermittelt. Zu diesen Informationen geh\u00f6ren:<\/p>\n\n\n\n<ul class=\"wp-block-list\">\n<li>IP-Adresse und Betriebssystem Ihres Ger\u00e4ts,<\/li>\n<\/ul>\n\n\n\n<ul class=\"wp-block-list\">\n<li>Browsertyp, Version, Sprache,<\/li>\n<\/ul>\n\n\n\n<ul class=\"wp-block-list\">\n<li>Datum und Uhrzeit der Serveranfrage,<\/li>\n<\/ul>\n\n\n\n<ul class=\"wp-block-list\">\n<li>Abgerufene Datei,<\/li>\n<\/ul>\n\n\n\n<ul class=\"wp-block-list\">\n<li>die Website, von der aus der Zugriff erfolgt ist (Referrer URL),<\/li>\n<\/ul>\n\n\n\n<ul class=\"wp-block-list\">\n<li>der Statuscode (z.B. 404), und<\/li>\n<\/ul>\n\n\n\n<ul class=\"wp-block-list\">\n<li>das verwendete \u00dcbertragungsprotokoll (z.B. HTTP\/2).<\/li>\n<\/ul>\n\n\n\n<p>Diese Daten werden von unserem Host-Provider erhoben und gespeichert, um Prozesse und Abl\u00e4ufe zu optimieren, insbesondere im Zusammenhang mit der Nutzung unserer Website sowie der Sicherheit und Stabilit\u00e4t des Computersystems. Soweit die DSGVO anwendbar ist, ist die Rechtsgrundlage f\u00fcr diese Datenbearbeitung Art. 6 Abs.. 1 lit. f DSGVO.<\/p>\n\n\n\n<h4 class=\"wp-block-heading\">5. Daten\u00fcbermittlung an Dritte<\/h4>\n\n\n\n<p>Um Ihnen die Informationen auf unserer Website zur Verf\u00fcgung stellen zu k\u00f6nnen, arbeiten wir mit verschiedenen Dienstleistern, insbesondere IT-Dienstleistern, zusammen, um Ihnen eine moderne Website anbieten zu k\u00f6nnen. Diese nutzen Ihre Daten nur im Rahmen der Auftragsabwicklung f\u00fcr uns. Wir k\u00f6nnen Ihre pers\u00f6nlichen Informationen weitergeben an:<\/p>\n\n\n\n<p>Dienstleistern: Wir k\u00f6nnen Drittanbieter beauftragen, uns bei der Durchf\u00fchrung von Konferenzen und Schulungen sowie bei der Erbringung von Dienstleistungen zu unterst\u00fctzen.<\/p>\n\n\n\n<p>Einhaltung von Gesetzen: Wir k\u00f6nnen Ihre Daten offenlegen, um gesetzliche Anforderungen zu erf\u00fcllen oder auf rechtm\u00e4\u00dfige Anfragen von Regierungsbeh\u00f6rden zu reagieren.<\/p>\n\n\n\n<p>Abgesehen von den Bestimmungen in Abschnitt 4.4 dieser Datenschutzrichtlinie \u00fcbermitteln wir Daten ohne Ihre Zustimmung nur dann an Stellen au\u00dferhalb der Schweiz und der Europ\u00e4ischen Union (Drittl\u00e4nder), wenn dies im Rahmen des jeweiligen Vertrags, zur Erf\u00fcllung rechtlicher Verpflichtungen oder zur Wahrung unserer berechtigten Interessen erforderlich ist.<\/p>\n\n\n\n<h4 class=\"wp-block-heading\">6. Rechtsgrundlage<\/h4>\n\n\n\n<p>Wir bearbeiten Ihre Daten auf den folgenden Rechtsgrundlagen:<\/p>\n\n\n\n<ul class=\"wp-block-list\">\n<li>Ihre Einwilligung (Art. 6 Abs. 1 lit. a DSGVO)<\/li>\n<\/ul>\n\n\n\n<ul class=\"wp-block-list\">\n<li>Zur Erf\u00fcllung eines Vertrags oder vorvertraglicher Ma\u00dfnahmen (Art. 6 Abs. 1 lit. b DSGVO)<\/li>\n<\/ul>\n\n\n\n<ul class=\"wp-block-list\">\n<li>zur Wahrung berechtigter Interessen (Art. 6 Abs. 1 lit. f DSGVO), sofern nicht Ihre Interessen oder Grundrechte und Grundfreiheiten, die den Schutz personenbezogener Daten erfordern, \u00fcberwiegen.<\/li>\n<\/ul>\n\n\n\n<h4 class=\"wp-block-heading\">7. Datensicherheit<\/h4>\n\n\n\n<p>Wir setzen technische und organisatorische Sicherheitsma\u00dfnahmen ein, um Ihre Daten gegen zuf\u00e4llige oder vors\u00e4tzliche Manipulationen, teilweisen oder vollst\u00e4ndigen Verlust, Zerst\u00f6rung oder gegen den unbefugten Zugriff Dritter zu sch\u00fctzen.<\/p>\n\n\n\n<h4 class=\"wp-block-heading\">8. Ihre Rechte<\/h4>\n\n\n\n<p>Nach Ma\u00dfgabe des geltenden Datenschutzrechts k\u00f6nnen Sie unentgeltlich Auskunft \u00fcber Ihre gespeicherten Daten, deren Herkunft und Empf\u00e4nger sowie den Zweck der Datenbearbeitung verlangen. Dar\u00fcber hinaus haben Sie unter den gesetzlichen Voraussetzungen das Recht auf Berichtigung, L\u00f6schung, Einschr\u00e4nkung der Bearbeitung oder Widerspruch gegen die Bearbeitung Ihrer Daten und, sofern die DSGVO anwendbar ist, auf \u00dcbermittlung dieser Daten an eine andere Stelle. Sie k\u00f6nnen eine von Ihnen erteilte Einwilligung jederzeit mit Wirkung f\u00fcr die Zukunft widerrufen. Hierf\u00fcr gen\u00fcgt eine formlose Mitteilung per E-Mail an uns. Bitte beachten Sie, dass die vorgenannten Rechte gesetzlichen Einschr\u00e4nkungen unterliegen und die Erbringung unserer Leistungen beeintr\u00e4chtigen oder verhindern k\u00f6nnen. Sie sind berechtigt, Ihre Anspr\u00fcche gerichtlich geltend zu machen oder eine Beschwerde bei der zust\u00e4ndigen Datenschutzbeh\u00f6rde einzureichen. F\u00fcr die Schweiz ist der Eidgen\u00f6ssische Datenschutz- und \u00d6ffentlichkeitsbeauftragte zust\u00e4ndig (http:\/\/www.edoeb.admin.ch).<\/p>\n\n\n\n<p>Sie haben die folgenden Rechte in Bezug auf Ihre pers\u00f6nlichen Daten:<\/p>\n\n\n\n<ul class=\"wp-block-list\">\n<li>Recht auf Auskunft<\/li>\n\n\n\n<li>Recht auf Berichtigung<\/li>\n\n\n\n<li>Recht auf L\u00f6schung<\/li>\n\n\n\n<li>Recht auf Einschr\u00e4nkung der Bearbeitung<\/li>\n\n\n\n<li>Recht auf Daten\u00fcbertragbarkeit<\/li>\n\n\n\n<li>Recht auf Widerspruch gegen die Bearbeitung<\/li>\n\n\n\n<li>Recht auf Widerruf der Einwilligung<\/li>\n\n\n\n<li>Recht auf Beschwerde bei einer Aufsichtsbeh\u00f6rde<\/li>\n<\/ul>\n\n\n\n<p>Um diese Rechte auszu\u00fcben oder wenn Sie Fragen zu Ihren Daten haben, wenden Sie sich bitte an info@esmfoundation.org.<\/p>\n\n\n\n<h4 class=\"wp-block-heading\">9. Externe Dienste<\/h4>\n\n\n\n<p>Wir nutzen auf unserer Website die folgenden Dienste Dritter. Im Folgenden geben wir an, um welche Dienste es sich handelt, wof\u00fcr sie genutzt werden und welche Daten erhoben werden.<\/p>\n\n\n\n<ul class=\"wp-block-list\">\n<li>Smart Slider: Wir verwenden Smart Slider, um Slider auf unserer Website zu erstellen und zu verwalten. Weitere Informationen dar\u00fcber, wie Smart Slider mit Daten umgeht, finden Sie unter https:\/\/nextendweb.com\/privacy-policy\/.<\/li>\n<\/ul>\n\n\n\n<p>Wenn die DSGVO anwendbar ist, ist die Rechtsgrundlage f\u00fcr die Datenbearbeitung Art. 6 Abs.. 1 lit. a DSGVO oder Art. 6 Abs. 1 lit. b DSGVO oder Art. 6 Abs. 1 lit. f DSGVO.<\/p>\n\n\n\n<h4 class=\"wp-block-heading\">10. Links<\/h4>\n\n\n\n<p>Unsere Website enth\u00e4lt Links zu Websites Dritter. Wir sind nicht verantwortlich f\u00fcr den Inhalt und die Datenschutzpraktiken von externen Websites, auf die Sie \u00fcber diese Links zugreifen k\u00f6nnen. Bitte informieren Sie sich \u00fcber die Datenschutzrichtlinien auf den jeweiligen Websites.<\/p>\n\n\n\n<h4 class=\"wp-block-heading\">11. \u00c4nderung der Datenschutzerkl\u00e4rung<\/h4>\n\n\n\n<p>Wir behalten uns das Recht vor, diese Datenschutzrichtlinie zu \u00e4ndern, um sie an ge\u00e4nderte gesetzliche Bestimmungen oder an \u00c4nderungen unserer Website und der Datenbearbeitung anzupassen.<\/p>\n\n\n\n<p>12. Kontakt<\/p>\n\n\n\n<p>Bei Fragen zur Erhebung, Bearbeitung oder Nutzung Ihrer personenbezogenen Daten, bei Ausk\u00fcnften, Berichtigung, Sperrung oder L\u00f6schung von Daten sowie bei Widerruf erteilter Einwilligungen wenden Sie sich bitte an:<\/p>\n\n\n\n<p>Stiftung ESM<br>Junkerngasse 56<br>CH-3011 Bern<br>info@esmfoundation.org<br>+41 31 311 01 68<\/p>\n\n\n\n<p>Diese Datenschutzerkl\u00e4rung wurde zuletzt aktualisiert am 28. August, 2024.<\/p>\n","protected":false},"excerpt":{"rendered":"<p>1. Einleitung Diese Datenschutzerkl\u00e4rung gilt f\u00fcr die Stiftung ESM, nachfolgend als \u201ewir\u201c oder \u201euns\u201c bezeichnet, mit Sitz an der Junkerngasse 56, CH-3011 Bern . Wir sind uns der Bedeutung des Schutzes pers\u00f6nlicher Daten bewusst und verpflichten uns, die Privatsph\u00e4re der Besucher der ESM-Website und unserer Gesch\u00e4ftspartner zu respektieren. Diese Datenschutzerkl\u00e4rung erl\u00e4utert, wie wir personenbezogene Daten&#8230; <\/p>\n<div class=\"clear\"><\/div>\n<p><a href=\"https:\/\/esmfoundation.org\/de\/datenschutz\/\" class=\"excerpt-read-more\">Read More<\/a><\/p>\n","protected":false},"author":395,"featured_media":0,"parent":0,"menu_order":7,"comment_status":"closed","ping_status":"closed","template":"","meta":{"_ti_tpc_template_sync":false,"_ti_tpc_template_id":"","footnotes":""},"class_list":["post-5057","page","type-page","status-publish","hentry"],"_links":{"self":[{"href":"https:\/\/esmfoundation.org\/de\/wp-json\/wp\/v2\/pages\/5057"}],"collection":[{"href":"https:\/\/esmfoundation.org\/de\/wp-json\/wp\/v2\/pages"}],"about":[{"href":"https:\/\/esmfoundation.org\/de\/wp-json\/wp\/v2\/types\/page"}],"author":[{"embeddable":true,"href":"https:\/\/esmfoundation.org\/de\/wp-json\/wp\/v2\/users\/395"}],"replies":[{"embeddable":true,"href":"https:\/\/esmfoundation.org\/de\/wp-json\/wp\/v2\/comments?post=5057"}],"version-history":[{"count":3,"href":"https:\/\/esmfoundation.org\/de\/wp-json\/wp\/v2\/pages\/5057\/revisions"}],"predecessor-version":[{"id":5074,"href":"https:\/\/esmfoundation.org\/de\/wp-json\/wp\/v2\/pages\/5057\/revisions\/5074"}],"wp:attachment":[{"href":"https:\/\/esmfoundation.org\/de\/wp-json\/wp\/v2\/media?parent=5057"}],"curies":[{"name":"wp","href":"https:\/\/api.w.org\/{rel}","templated":true}]}}

Datenschutzerklärung

<h4 class="wp-block-heading">1. Einleitung</h4>



<p>Diese Datenschutzerklärung gilt für die Stiftung ESM, nachfolgend als „wir“ oder „uns“ bezeichnet, mit Sitz an der Junkerngasse 56, CH-3011 Bern . Wir sind uns der Bedeutung des Schutzes persönlicher Daten bewusst und verpflichten uns, die Privatsphäre der Besucher der ESM-Website und unserer Geschäftspartner zu respektieren. Diese Datenschutzerklärung erläutert, wie wir personenbezogene Daten bearbeiten, die wir im Zusammenhang mit Ihrem Besuch auf unserer Website esmfoundation.org und während unserer Geschäftsbeziehungen erfassen, und informiert Sie über Ihre Rechte. Diese Rechte richten sich nach den geltenden Datenschutzgesetzen. Durch die weitere Nutzung unserer Website erklären Sie sich mit den in dieser Datenschutzrichtlinie beschriebenen Praktiken einverstanden.</p>



<h4 class="wp-block-heading">2. Geltungsbereich</h4>



<p>Diese Datenschutzrichtlinie gilt für alle Personen, die unsere Website besuchen oder mit uns in der Schweiz und der Europäischen Union (EU) in Kontakt treten.</p>



<h4 class="wp-block-heading">3. Verantwortliche Instanz</h4>



<p>Die verantwortliche Stelle für die Datenbearbeitung im Sinne des Datenschutzgesetzes ist die ESM Stiftung, Junkerngasse 56, CH-3011 Bern, info@esmfoundation.org, +41 31 311 01 68.</p>



<h4 class="wp-block-heading">4. Erhebung und Bearbeitung von personenbezogenen Daten</h4>



<p>Personenbezogene Daten sind alle Informationen, die sich auf eine identifizierte oder identifizierbare natürliche Person beziehen. Wir erheben und bearbeiten personenbezogene Daten nur in dem Umfang, der für die Bereitstellung einer funktionsfähigen Website sowie unserer Inhalte und Leistungen erforderlich ist. Die Bearbeitung erfolgt auf der Grundlage Ihrer Einwilligung, zur Erfüllung eines Vertrags oder vorvertraglicher Maßnahmen und zur Wahrung unserer berechtigten Interessen. Die Daten können für folgende Zwecke erhoben und bearbeitet werden:</p>



<ul class="wp-block-list">
<li>Um unser Angebot und unsere Website zu analysieren und zu verbessern.</li>
</ul>



<ul class="wp-block-list">
<li>Zur Erfüllung gesetzlicher Verpflichtungen.</li>
</ul>



<h4 class="wp-block-heading">4.1. Logfiles</h4>



<p>Unsere Website wird von Devault (Seftigenstrasse 310, CH-3084 Wabern) gehostet. Um unsere Website zu optimieren und zu pflegen, protokollieren wir technische Fehler, die beim Zugriff auf unsere Website auftreten können. Darüber hinaus werden bei der Nutzung dieser Website automatisch Informationen erhoben, die der Browser Ihres Geräts an unseren Host-Provider übermittelt. Zu diesen Informationen gehören:</p>



<ul class="wp-block-list">
<li>IP-Adresse und Betriebssystem Ihres Geräts,</li>
</ul>



<ul class="wp-block-list">
<li>Browsertyp, Version, Sprache,</li>
</ul>



<ul class="wp-block-list">
<li>Datum und Uhrzeit der Serveranfrage,</li>
</ul>



<ul class="wp-block-list">
<li>Abgerufene Datei,</li>
</ul>



<ul class="wp-block-list">
<li>die Website, von der aus der Zugriff erfolgt ist (Referrer URL),</li>
</ul>



<ul class="wp-block-list">
<li>der Statuscode (z.B. 404), und</li>
</ul>



<ul class="wp-block-list">
<li>das verwendete Übertragungsprotokoll (z.B. HTTP/2).</li>
</ul>



<p>Diese Daten werden von unserem Host-Provider erhoben und gespeichert, um Prozesse und Abläufe zu optimieren, insbesondere im Zusammenhang mit der Nutzung unserer Website sowie der Sicherheit und Stabilität des Computersystems. Soweit die DSGVO anwendbar ist, ist die Rechtsgrundlage für diese Datenbearbeitung Art. 6 Abs.. 1 lit. f DSGVO.</p>



<h4 class="wp-block-heading">5. Datenübermittlung an Dritte</h4>



<p>Um Ihnen die Informationen auf unserer Website zur Verfügung stellen zu können, arbeiten wir mit verschiedenen Dienstleistern, insbesondere IT-Dienstleistern, zusammen, um Ihnen eine moderne Website anbieten zu können. Diese nutzen Ihre Daten nur im Rahmen der Auftragsabwicklung für uns. Wir können Ihre persönlichen Informationen weitergeben an:</p>



<p>Dienstleistern: Wir können Drittanbieter beauftragen, uns bei der Durchführung von Konferenzen und Schulungen sowie bei der Erbringung von Dienstleistungen zu unterstützen.</p>



<p>Einhaltung von Gesetzen: Wir können Ihre Daten offenlegen, um gesetzliche Anforderungen zu erfüllen oder auf rechtmäßige Anfragen von Regierungsbehörden zu reagieren.</p>



<p>Abgesehen von den Bestimmungen in Abschnitt 4.4 dieser Datenschutzrichtlinie übermitteln wir Daten ohne Ihre Zustimmung nur dann an Stellen außerhalb der Schweiz und der Europäischen Union (Drittländer), wenn dies im Rahmen des jeweiligen Vertrags, zur Erfüllung rechtlicher Verpflichtungen oder zur Wahrung unserer berechtigten Interessen erforderlich ist.</p>



<h4 class="wp-block-heading">6. Rechtsgrundlage</h4>



<p>Wir bearbeiten Ihre Daten auf den folgenden Rechtsgrundlagen:</p>



<ul class="wp-block-list">
<li>Ihre Einwilligung (Art. 6 Abs. 1 lit. a DSGVO)</li>
</ul>



<ul class="wp-block-list">
<li>Zur Erfüllung eines Vertrags oder vorvertraglicher Maßnahmen (Art. 6 Abs. 1 lit. b DSGVO)</li>
</ul>



<ul class="wp-block-list">
<li>zur Wahrung berechtigter Interessen (Art. 6 Abs. 1 lit. f DSGVO), sofern nicht Ihre Interessen oder Grundrechte und Grundfreiheiten, die den Schutz personenbezogener Daten erfordern, überwiegen.</li>
</ul>



<h4 class="wp-block-heading">7. Datensicherheit</h4>



<p>Wir setzen technische und organisatorische Sicherheitsmaßnahmen ein, um Ihre Daten gegen zufällige oder vorsätzliche Manipulationen, teilweisen oder vollständigen Verlust, Zerstörung oder gegen den unbefugten Zugriff Dritter zu schützen.</p>



<h4 class="wp-block-heading">8. Ihre Rechte</h4>



<p>Nach Maßgabe des geltenden Datenschutzrechts können Sie unentgeltlich Auskunft über Ihre gespeicherten Daten, deren Herkunft und Empfänger sowie den Zweck der Datenbearbeitung verlangen. Darüber hinaus haben Sie unter den gesetzlichen Voraussetzungen das Recht auf Berichtigung, Löschung, Einschränkung der Bearbeitung oder Widerspruch gegen die Bearbeitung Ihrer Daten und, sofern die DSGVO anwendbar ist, auf Übermittlung dieser Daten an eine andere Stelle. Sie können eine von Ihnen erteilte Einwilligung jederzeit mit Wirkung für die Zukunft widerrufen. Hierfür genügt eine formlose Mitteilung per E-Mail an uns. Bitte beachten Sie, dass die vorgenannten Rechte gesetzlichen Einschränkungen unterliegen und die Erbringung unserer Leistungen beeinträchtigen oder verhindern können. Sie sind berechtigt, Ihre Ansprüche gerichtlich geltend zu machen oder eine Beschwerde bei der zuständigen Datenschutzbehörde einzureichen. Für die Schweiz ist der Eidgenössische Datenschutz- und Öffentlichkeitsbeauftragte zuständig (http://www.edoeb.admin.ch).</p>



<p>Sie haben die folgenden Rechte in Bezug auf Ihre persönlichen Daten:</p>



<ul class="wp-block-list">
<li>Recht auf Auskunft</li>



<li>Recht auf Berichtigung</li>



<li>Recht auf Löschung</li>



<li>Recht auf Einschränkung der Bearbeitung</li>



<li>Recht auf Datenübertragbarkeit</li>



<li>Recht auf Widerspruch gegen die Bearbeitung</li>



<li>Recht auf Widerruf der Einwilligung</li>



<li>Recht auf Beschwerde bei einer Aufsichtsbehörde</li>
</ul>



<p>Um diese Rechte auszuüben oder wenn Sie Fragen zu Ihren Daten haben, wenden Sie sich bitte an info@esmfoundation.org.</p>



<h4 class="wp-block-heading">9. Externe Dienste</h4>



<p>Wir nutzen auf unserer Website die folgenden Dienste Dritter. Im Folgenden geben wir an, um welche Dienste es sich handelt, wofür sie genutzt werden und welche Daten erhoben werden.</p>



<ul class="wp-block-list">
<li>Smart Slider: Wir verwenden Smart Slider, um Slider auf unserer Website zu erstellen und zu verwalten. Weitere Informationen darüber, wie Smart Slider mit Daten umgeht, finden Sie unter https://nextendweb.com/privacy-policy/.</li>
</ul>



<p>Wenn die DSGVO anwendbar ist, ist die Rechtsgrundlage für die Datenbearbeitung Art. 6 Abs.. 1 lit. a DSGVO oder Art. 6 Abs. 1 lit. b DSGVO oder Art. 6 Abs. 1 lit. f DSGVO.</p>



<h4 class="wp-block-heading">10. Links</h4>



<p>Unsere Website enthält Links zu Websites Dritter. Wir sind nicht verantwortlich für den Inhalt und die Datenschutzpraktiken von externen Websites, auf die Sie über diese Links zugreifen können. Bitte informieren Sie sich über die Datenschutzrichtlinien auf den jeweiligen Websites.</p>



<h4 class="wp-block-heading">11. Änderung der Datenschutzerklärung</h4>



<p>Wir behalten uns das Recht vor, diese Datenschutzrichtlinie zu ändern, um sie an geänderte gesetzliche Bestimmungen oder an Änderungen unserer Website und der Datenbearbeitung anzupassen.</p>



<p>12. Kontakt</p>



<p>Bei Fragen zur Erhebung, Bearbeitung oder Nutzung Ihrer personenbezogenen Daten, bei Auskünften, Berichtigung, Sperrung oder Löschung von Daten sowie bei Widerruf erteilter Einwilligungen wenden Sie sich bitte an:</p>



<p>Stiftung ESM<br>Junkerngasse 56<br>CH-3011 Bern<br>info@esmfoundation.org<br>+41 31 311 01 68</p>



<p>Diese Datenschutzerklärung wurde zuletzt aktualisiert am 28. August, 2024.</p>

<p>1. Einleitung Diese Datenschutzerklärung gilt für die Stiftung ESM, nachfolgend als „wir“ oder „uns“ bezeichnet, mit Sitz an der Junkerngasse 56, CH-3011 Bern . Wir sind uns der Bedeutung des Schutzes persönlicher Daten bewusst und verpflichten uns, die Privatsphäre der Besucher der ESM-Website und unserer Geschäftspartner zu respektieren. Diese Datenschutzerklärung erläutert, wie wir personenbezogene Daten&#8230; </p>
<div class="clear"></div>
<p><a href="https://esmfoundation.org/de/datenschutz/" class="excerpt-read-more">Read More</a></p>
