{"id":5175,"date":"2023-08-30T17:00:25","date_gmt":"2023-08-30T15:00:25","guid":{"rendered":"https:\/\/esmfoundation.org\/?page_id=5175"},"modified":"2024-08-27T15:44:45","modified_gmt":"2024-08-27T13:44:45","slug":"partnerschaften","status":"publish","type":"page","link":"https:\/\/esmfoundation.org\/de\/what-we-do\/partnerschaften\/","title":{"rendered":"Partnerschaften"},"content":{"rendered":"\n<div class=\"wp-block-columns is-layout-flex wp-container-core-columns-is-layout-6 wp-block-columns-is-layout-flex\">\n<div class=\"wp-block-column is-layout-flow wp-block-column-is-layout-flow\">\n<h5 class=\"wp-block-heading\">Wir sind davon \u00fcberzeugt, dass die grossen Herausforderungen unserer Zeit nur dann angemessen bew\u00e4ltigt werden k\u00f6nnen, wenn alle Beteiligten an einem Strang ziehen und ein gemeinsames Ziel verfolgen. \u00d6ffentlich-private Partnerschaften (PPP) sind eine M\u00f6glichkeit, diese Zusammenarbeit auf wirksame Art und Weise zu erreichen. Aus diesem Grund koordiniert die ESM-Stiftung Projekte, die auf verschiedenen \u00f6ffentlich-privaten Partnerschaften (PPP) aufbauen.<\/h5>\n\n\n\n<div style=\"height:25px\" aria-hidden=\"true\" class=\"wp-block-spacer\"><\/div>\n\n\n\n<div class=\"wp-block-columns is-layout-flex wp-container-core-columns-is-layout-1 wp-block-columns-is-layout-flex\">\n<div class=\"wp-block-column is-vertically-aligned-top is-layout-flow wp-block-column-is-layout-flow\" style=\"flex-basis:33.33%\"><div class=\"wp-block-image is-style-default\">\n<figure class=\"aligncenter size-full is-resized\"><img loading=\"lazy\" decoding=\"async\" width=\"1280\" height=\"392\" src=\"https:\/\/esmfoundation.org\/wp-content\/uploads\/2024\/07\/UNECE.png\" alt=\"\" class=\"wp-image-4471\" style=\"width:250px\" srcset=\"https:\/\/esmfoundation.org\/wp-content\/uploads\/2024\/07\/UNECE.png 1280w, https:\/\/esmfoundation.org\/wp-content\/uploads\/2024\/07\/UNECE-300x92.png 300w, https:\/\/esmfoundation.org\/wp-content\/uploads\/2024\/07\/UNECE-1024x314.png 1024w, https:\/\/esmfoundation.org\/wp-content\/uploads\/2024\/07\/UNECE-768x235.png 768w\" sizes=\"(max-width: 1280px) 100vw, 1280px\" \/><\/figure><\/div><\/div>\n\n\n\n<div class=\"wp-block-column is-vertically-aligned-center is-layout-flow wp-block-column-is-layout-flow\" style=\"flex-basis:66.66%\">\n<h3 class=\"wp-block-heading\">UNECE-Expertengruppe f\u00fcr Ressourcenmanagement<\/h3>\n\n\n\n<p>Die ESM-Stiftung ist Mitglied der UNECE-Expertengruppe f\u00fcr Ressourcenmanagement und ihrer Sustainable Development Goals Delivery Group. In Zusammenarbeit mit der UNECE f\u00fchren wir im Rahmen der UN Resource Management Week und anderer multilateraler Foren regelm\u00e4\u00dfig Sitzungen zum Thema nachhaltiges Ressourcenmanagement durch.<\/p>\n\n\n\n<div class=\"wp-block-buttons is-content-justification-left is-layout-flex wp-container-core-buttons-is-layout-1 wp-block-buttons-is-layout-flex\">\n<div class=\"wp-block-button is-style-outline is-style-outline--65e98fcda7ad619fd881155060b619b4\"><a class=\"wp-block-button__link wp-element-button\" href=\"https:\/\/www.unece.org\/energy\/se\/egrc.html\" target=\"_blank\" rel=\"noreferrer noopener\">Besuche die UNECE-Webseite<\/a><\/div>\n<\/div>\n<\/div>\n<\/div>\n\n\n\n<div style=\"height:60px\" aria-hidden=\"true\" class=\"wp-block-spacer\"><\/div>\n\n\n\n<div class=\"wp-block-columns is-layout-flex wp-container-core-columns-is-layout-2 wp-block-columns-is-layout-flex\">\n<div class=\"wp-block-column is-vertically-aligned-top is-layout-flow wp-block-column-is-layout-flow\" style=\"flex-basis:33.33%\"><div class=\"wp-block-image is-style-default\">\n<figure class=\"aligncenter size-full is-resized\"><img loading=\"lazy\" decoding=\"async\" width=\"686\" height=\"200\" src=\"https:\/\/esmfoundation.org\/wp-content\/uploads\/2024\/07\/SATW-logo.jpg\" alt=\"\" class=\"wp-image-4473\" style=\"width:250px\" srcset=\"https:\/\/esmfoundation.org\/wp-content\/uploads\/2024\/07\/SATW-logo.jpg 686w, https:\/\/esmfoundation.org\/wp-content\/uploads\/2024\/07\/SATW-logo-300x87.jpg 300w\" sizes=\"(max-width: 686px) 100vw, 686px\" \/><\/figure><\/div><\/div>\n\n\n\n<div class=\"wp-block-column is-vertically-aligned-center is-layout-flow wp-block-column-is-layout-flow\" style=\"flex-basis:66.66%\">\n<h3 class=\"wp-block-heading\">Schweizerische Akademie der Technischen Wissenschaften<\/h3>\n\n\n\n<p>Eine technologisierte Welt braucht Spezialisten, die die Technik beherrschen, und Menschen, die fundierte Entscheidungen treffen. Die SATW setzt sich deshalb f\u00fcr eine umfassende Technikbildung ein. Die F\u00f6rderung von M\u00e4dchen in der Technik ist ihr ein besonderes Anliegen.<\/p>\n\n\n\n<p>Mit dem Brettspiel \u201eIn the Loop\u201c sensibilisieren wir Schweizer Gymnasiastinnen und Gymnasiasten f\u00fcr seltene Metalle und den nachhaltigen Umgang mit Ressourcen.<\/p>\n\n\n\n<p>Die ESM Stiftung ist zudem Teil der von der SATW geleiteten Themenplattform \u201eNachhaltige Kreislaufwirtschaft\u201c.<\/p>\n\n\n\n<div class=\"wp-block-buttons is-content-justification-left is-layout-flex wp-container-core-buttons-is-layout-2 wp-block-buttons-is-layout-flex\">\n<div class=\"wp-block-button is-style-outline is-style-outline--8cf62ee8f6b4c81ef0a31f63716c0c4b\"><a class=\"wp-block-button__link wp-element-button\" href=\"https:\/\/www.satw.ch\/de\/technik-bildung\/\" target=\"_blank\" rel=\"noreferrer noopener\">Besuche die SATW-Webseite<\/a><\/div>\n<\/div>\n<\/div>\n<\/div>\n\n\n\n<div style=\"height:60px\" aria-hidden=\"true\" class=\"wp-block-spacer\"><\/div>\n\n\n\n<div class=\"wp-block-columns is-layout-flex wp-container-core-columns-is-layout-3 wp-block-columns-is-layout-flex\">\n<div class=\"wp-block-column is-vertically-aligned-top is-layout-flow wp-block-column-is-layout-flow\" style=\"flex-basis:33.33%\"><div class=\"wp-block-image is-style-default\">\n<figure class=\"aligncenter size-full is-resized\"><img loading=\"lazy\" decoding=\"async\" width=\"760\" height=\"245\" src=\"https:\/\/esmfoundation.org\/wp-content\/uploads\/2024\/07\/EITRawmaterials-logo.png\" alt=\"\" class=\"wp-image-4476\" style=\"width:250px\" srcset=\"https:\/\/esmfoundation.org\/wp-content\/uploads\/2024\/07\/EITRawmaterials-logo.png 760w, https:\/\/esmfoundation.org\/wp-content\/uploads\/2024\/07\/EITRawmaterials-logo-300x97.png 300w\" sizes=\"(max-width: 760px) 100vw, 760px\" \/><\/figure><\/div><\/div>\n\n\n\n<div class=\"wp-block-column is-vertically-aligned-center is-layout-flow wp-block-column-is-layout-flow\" style=\"flex-basis:66.66%\">\n<h3 class=\"wp-block-heading\">EIT RawMaterials<\/h3>\n\n\n\n<p>Als assoziierter Partner, der aktiv am Innovation Hub Central beteiligt ist, koordiniert die ESM Stiftung verschiedene Projekte, die von EIT RawMaterials unterst\u00fctzt werden.<\/p>\n\n\n\n<p>EIT RawMaterials ist eine Einrichtung, die vom Europ\u00e4ischen Institut f\u00fcr Innovation und Technologie (EIT), einer Institution der Europ\u00e4ischen Union, initiiert und finanziert wurde. EIT RawMaterials ist das weltweit gr\u00f6\u00dfte Konsortium im Rohstoffsektor und hat es sich zur Aufgabe gemacht, die Wettbewerbsf\u00e4higkeit, das Wachstum und die Attraktivit\u00e4t Europas im Bereich der Rohstoffe zu f\u00f6rdern.<\/p>\n\n\n\n<div class=\"wp-block-buttons is-content-justification-left is-layout-flex wp-container-core-buttons-is-layout-3 wp-block-buttons-is-layout-flex\">\n<div class=\"wp-block-button is-style-outline is-style-outline--95337892cf737b774a300cb6aeae44bd\"><a class=\"wp-block-button__link wp-element-button\" href=\"https:\/\/eitrawmaterials.eu\/\" target=\"_blank\" rel=\"noreferrer noopener\">Besuche die EIT RawMaterials-Webseite<\/a><\/div>\n<\/div>\n<\/div>\n<\/div>\n\n\n\n<div style=\"height:60px\" aria-hidden=\"true\" class=\"wp-block-spacer\"><\/div>\n\n\n\n<div class=\"wp-block-columns is-layout-flex wp-container-core-columns-is-layout-4 wp-block-columns-is-layout-flex\">\n<div class=\"wp-block-column is-vertically-aligned-top is-layout-flow wp-block-column-is-layout-flow\" style=\"flex-basis:33.33%\"><div class=\"wp-block-image is-style-default\">\n<figure class=\"aligncenter size-full is-resized\"><img loading=\"lazy\" decoding=\"async\" width=\"355\" height=\"115\" src=\"https:\/\/esmfoundation.org\/wp-content\/uploads\/2024\/06\/iBAT_Logo_115px.png\" alt=\"\" class=\"wp-image-4012\" style=\"width:250px\" srcset=\"https:\/\/esmfoundation.org\/wp-content\/uploads\/2024\/06\/iBAT_Logo_115px.png 355w, https:\/\/esmfoundation.org\/wp-content\/uploads\/2024\/06\/iBAT_Logo_115px-300x97.png 300w\" sizes=\"(max-width: 355px) 100vw, 355px\" \/><\/figure><\/div><\/div>\n\n\n\n<div class=\"wp-block-column is-vertically-aligned-center is-layout-flow wp-block-column-is-layout-flow\" style=\"flex-basis:66.66%\">\n<h3 class=\"wp-block-heading\">iBat Association<\/h3>\n\n\n\n<p>Die ESM-Stiftung ist Mitglied und Teil des iBat-Netzwerks.<\/p>\n\n\n\n<p>Aufgrund ihres Einsatzes im umweltgerechten Transportwesen, in der Technologie f\u00fcr erneuerbare Energien, in mobilen medizinischen Ger\u00e4ten und in der Robotertechnik nimmt die Bedeutung von Batterien zu. Der Verein iBat ist eine Schweizer Non-Profit-Organisation, die sich f\u00fcr die St\u00e4rkung der Wettbewerbsf\u00e4higkeit der Schweiz im Bereich der Batterieanwendungen und -technologien einsetzt, indem sie Industrie, Beh\u00f6rden und Forschungseinrichtungen vertritt.<\/p>\n\n\n\n<div class=\"wp-block-buttons is-content-justification-left is-layout-flex wp-container-core-buttons-is-layout-4 wp-block-buttons-is-layout-flex\">\n<div class=\"wp-block-button is-style-outline is-style-outline--923bab7ee1c71ef9c8ea4d0bed432974\"><a class=\"wp-block-button__link wp-element-button\" href=\"https:\/\/ibat.swiss\/\" target=\"_blank\" rel=\"noreferrer noopener\">Besuche die iBat-Webseite<\/a><\/div>\n<\/div>\n<\/div>\n<\/div>\n\n\n\n<div style=\"height:60px\" aria-hidden=\"true\" class=\"wp-block-spacer\"><\/div>\n\n\n\n<div class=\"wp-block-columns is-layout-flex wp-container-core-columns-is-layout-5 wp-block-columns-is-layout-flex\">\n<div class=\"wp-block-column is-vertically-aligned-top is-layout-flow wp-block-column-is-layout-flow\" style=\"flex-basis:33.33%\"><div class=\"wp-block-image is-style-default\">\n<figure class=\"aligncenter size-full is-resized\"><img loading=\"lazy\" decoding=\"async\" width=\"284\" height=\"177\" src=\"https:\/\/esmfoundation.org\/wp-content\/uploads\/2024\/08\/FutuRaM.jpg\" alt=\"\" class=\"wp-image-4488\" style=\"width:250px\"\/><\/figure><\/div><\/div>\n\n\n\n<div class=\"wp-block-column is-vertically-aligned-center is-layout-flow wp-block-column-is-layout-flow\" style=\"flex-basis:66.66%\">\n<h3 class=\"wp-block-heading\">FutuRaM<\/h3>\n\n\n\n<p>Die ESM Stiftung ist im Beirat des von Horizon Europe finanzierten Projekts FutuRaM (Future Availability of Secondary Raw Materials) vertreten.<\/p>\n\n\n\n<p>FutuRaM ist ein Projekt, das darauf abzielt, die Verf\u00fcgbarkeit und Wiederverwertbarkeit von Sekund\u00e4rrohstoffen in der EU bis zum Jahr 2050 zu analysieren und zu sichern, wobei ein besonderer Schwerpunkt auf kritischen Rohstoffen liegt. Das Projekt wird die Menge der derzeit genutzten und im Abfallstrom befindlichen Rohstoffe ermitteln und das Potenzial f\u00fcr ihre R\u00fcckgewinnung modellieren. Um diese Ziele zu erreichen, wird FutuRaM eine Berichterstattungsstruktur, eine Methodik und einen Leitfaden f\u00fcr die Weiterentwicklung der derzeitigen Wissensbasis \u00fcber Rohstoffe und die Einbeziehung von Daten \u00fcber Sekund\u00e4rrohstoffe und kritische Rohstoffe zur Modellierung bestehender Best\u00e4nde und Str\u00f6me erstellen.<\/p>\n\n\n\n<div class=\"wp-block-buttons is-content-justification-left is-layout-flex wp-container-core-buttons-is-layout-5 wp-block-buttons-is-layout-flex\">\n<div class=\"wp-block-button is-style-outline is-style-outline--5844dbcffd94e6a63a8468430c2c8ff3\"><a class=\"wp-block-button__link wp-element-button\" href=\"https:\/\/futuram.eu\/\" target=\"_blank\" rel=\"noreferrer noopener\">Besuche die FutuRam-Webseite<\/a><\/div>\n<\/div>\n<\/div>\n<\/div>\n<\/div>\n<\/div>\n","protected":false},"excerpt":{"rendered":"<p>Wir sind davon \u00fcberzeugt, dass die grossen Herausforderungen unserer Zeit nur dann angemessen bew\u00e4ltigt werden k\u00f6nnen, wenn alle Beteiligten an einem Strang ziehen und ein gemeinsames Ziel verfolgen. \u00d6ffentlich-private Partnerschaften (PPP) sind eine M\u00f6glichkeit, diese Zusammenarbeit auf wirksame Art und Weise zu erreichen. Aus diesem Grund koordiniert die ESM-Stiftung Projekte, die auf verschiedenen \u00f6ffentlich-privaten Partnerschaften&#8230; <\/p>\n<div class=\"clear\"><\/div>\n<p><a href=\"https:\/\/esmfoundation.org\/de\/what-we-do\/partnerschaften\/\" class=\"excerpt-read-more\">Read More<\/a><\/p>\n","protected":false},"author":395,"featured_media":0,"parent":5060,"menu_order":2,"comment_status":"closed","ping_status":"closed","template":"","meta":{"_ti_tpc_template_sync":false,"_ti_tpc_template_id":"","footnotes":""},"class_list":["post-5175","page","type-page","status-publish","hentry"],"_links":{"self":[{"href":"https:\/\/esmfoundation.org\/de\/wp-json\/wp\/v2\/pages\/5175"}],"collection":[{"href":"https:\/\/esmfoundation.org\/de\/wp-json\/wp\/v2\/pages"}],"about":[{"href":"https:\/\/esmfoundation.org\/de\/wp-json\/wp\/v2\/types\/page"}],"author":[{"embeddable":true,"href":"https:\/\/esmfoundation.org\/de\/wp-json\/wp\/v2\/users\/395"}],"replies":[{"embeddable":true,"href":"https:\/\/esmfoundation.org\/de\/wp-json\/wp\/v2\/comments?post=5175"}],"version-history":[{"count":3,"href":"https:\/\/esmfoundation.org\/de\/wp-json\/wp\/v2\/pages\/5175\/revisions"}],"predecessor-version":[{"id":5178,"href":"https:\/\/esmfoundation.org\/de\/wp-json\/wp\/v2\/pages\/5175\/revisions\/5178"}],"up":[{"embeddable":true,"href":"https:\/\/esmfoundation.org\/de\/wp-json\/wp\/v2\/pages\/5060"}],"wp:attachment":[{"href":"https:\/\/esmfoundation.org\/de\/wp-json\/wp\/v2\/media?parent=5175"}],"curies":[{"name":"wp","href":"https:\/\/api.w.org\/{rel}","templated":true}]}}

<div class="wp-block-columns is-layout-flex wp-container-core-columns-is-layout-6 wp-block-columns-is-layout-flex">
<div class="wp-block-column is-layout-flow wp-block-column-is-layout-flow">
<h5 class="wp-block-heading">Wir sind davon überzeugt, dass die grossen Herausforderungen unserer Zeit nur dann angemessen bewältigt werden können, wenn alle Beteiligten an einem Strang ziehen und ein gemeinsames Ziel verfolgen. Öffentlich-private Partnerschaften (PPP) sind eine Möglichkeit, diese Zusammenarbeit auf wirksame Art und Weise zu erreichen. Aus diesem Grund koordiniert die ESM-Stiftung Projekte, die auf verschiedenen öffentlich-privaten Partnerschaften (PPP) aufbauen.</h5>



<div style="height:25px" aria-hidden="true" class="wp-block-spacer"></div>



<div class="wp-block-columns is-layout-flex wp-container-core-columns-is-layout-1 wp-block-columns-is-layout-flex">
<div class="wp-block-column is-vertically-aligned-top is-layout-flow wp-block-column-is-layout-flow" style="flex-basis:33.33%"><div class="wp-block-image is-style-default">
<figure class="aligncenter size-full is-resized"><img loading="lazy" decoding="async" width="1280" height="392" src="https://esmfoundation.org/wp-content/uploads/2024/07/UNECE.png" alt="" class="wp-image-4471" style="width:250px" srcset="https://esmfoundation.org/wp-content/uploads/2024/07/UNECE.png 1280w, https://esmfoundation.org/wp-content/uploads/2024/07/UNECE-300x92.png 300w, https://esmfoundation.org/wp-content/uploads/2024/07/UNECE-1024x314.png 1024w, https://esmfoundation.org/wp-content/uploads/2024/07/UNECE-768x235.png 768w" sizes="(max-width: 1280px) 100vw, 1280px" /></figure></div></div>



<div class="wp-block-column is-vertically-aligned-center is-layout-flow wp-block-column-is-layout-flow" style="flex-basis:66.66%">
<h3 class="wp-block-heading">UNECE-Expertengruppe für Ressourcenmanagement</h3>



<p>Die ESM-Stiftung ist Mitglied der UNECE-Expertengruppe für Ressourcenmanagement und ihrer Sustainable Development Goals Delivery Group. In Zusammenarbeit mit der UNECE führen wir im Rahmen der UN Resource Management Week und anderer multilateraler Foren regelmäßig Sitzungen zum Thema nachhaltiges Ressourcenmanagement durch.</p>



<div class="wp-block-buttons is-content-justification-left is-layout-flex wp-container-core-buttons-is-layout-1 wp-block-buttons-is-layout-flex">
<div class="wp-block-button is-style-outline is-style-outline--65e98fcda7ad619fd881155060b619b4"><a class="wp-block-button__link wp-element-button" href="https://www.unece.org/energy/se/egrc.html" target="_blank" rel="noreferrer noopener">Besuche die UNECE-Webseite</a></div>
</div>
</div>
</div>



<div style="height:60px" aria-hidden="true" class="wp-block-spacer"></div>



<div class="wp-block-columns is-layout-flex wp-container-core-columns-is-layout-2 wp-block-columns-is-layout-flex">
<div class="wp-block-column is-vertically-aligned-top is-layout-flow wp-block-column-is-layout-flow" style="flex-basis:33.33%"><div class="wp-block-image is-style-default">
<figure class="aligncenter size-full is-resized"><img loading="lazy" decoding="async" width="686" height="200" src="https://esmfoundation.org/wp-content/uploads/2024/07/SATW-logo.jpg" alt="" class="wp-image-4473" style="width:250px" srcset="https://esmfoundation.org/wp-content/uploads/2024/07/SATW-logo.jpg 686w, https://esmfoundation.org/wp-content/uploads/2024/07/SATW-logo-300x87.jpg 300w" sizes="(max-width: 686px) 100vw, 686px" /></figure></div></div>



<div class="wp-block-column is-vertically-aligned-center is-layout-flow wp-block-column-is-layout-flow" style="flex-basis:66.66%">
<h3 class="wp-block-heading">Schweizerische Akademie der Technischen Wissenschaften</h3>



<p>Eine technologisierte Welt braucht Spezialisten, die die Technik beherrschen, und Menschen, die fundierte Entscheidungen treffen. Die SATW setzt sich deshalb für eine umfassende Technikbildung ein. Die Förderung von Mädchen in der Technik ist ihr ein besonderes Anliegen.</p>



<p>Mit dem Brettspiel „In the Loop“ sensibilisieren wir Schweizer Gymnasiastinnen und Gymnasiasten für seltene Metalle und den nachhaltigen Umgang mit Ressourcen.</p>



<p>Die ESM Stiftung ist zudem Teil der von der SATW geleiteten Themenplattform „Nachhaltige Kreislaufwirtschaft“.</p>



<div class="wp-block-buttons is-content-justification-left is-layout-flex wp-container-core-buttons-is-layout-2 wp-block-buttons-is-layout-flex">
<div class="wp-block-button is-style-outline is-style-outline--8cf62ee8f6b4c81ef0a31f63716c0c4b"><a class="wp-block-button__link wp-element-button" href="https://www.satw.ch/de/technik-bildung/" target="_blank" rel="noreferrer noopener">Besuche die SATW-Webseite</a></div>
</div>
</div>
</div>



<div style="height:60px" aria-hidden="true" class="wp-block-spacer"></div>



<div class="wp-block-columns is-layout-flex wp-container-core-columns-is-layout-3 wp-block-columns-is-layout-flex">
<div class="wp-block-column is-vertically-aligned-top is-layout-flow wp-block-column-is-layout-flow" style="flex-basis:33.33%"><div class="wp-block-image is-style-default">
<figure class="aligncenter size-full is-resized"><img loading="lazy" decoding="async" width="760" height="245" src="https://esmfoundation.org/wp-content/uploads/2024/07/EITRawmaterials-logo.png" alt="" class="wp-image-4476" style="width:250px" srcset="https://esmfoundation.org/wp-content/uploads/2024/07/EITRawmaterials-logo.png 760w, https://esmfoundation.org/wp-content/uploads/2024/07/EITRawmaterials-logo-300x97.png 300w" sizes="(max-width: 760px) 100vw, 760px" /></figure></div></div>



<div class="wp-block-column is-vertically-aligned-center is-layout-flow wp-block-column-is-layout-flow" style="flex-basis:66.66%">
<h3 class="wp-block-heading">EIT RawMaterials</h3>



<p>Als assoziierter Partner, der aktiv am Innovation Hub Central beteiligt ist, koordiniert die ESM Stiftung verschiedene Projekte, die von EIT RawMaterials unterstützt werden.</p>



<p>EIT RawMaterials ist eine Einrichtung, die vom Europäischen Institut für Innovation und Technologie (EIT), einer Institution der Europäischen Union, initiiert und finanziert wurde. EIT RawMaterials ist das weltweit größte Konsortium im Rohstoffsektor und hat es sich zur Aufgabe gemacht, die Wettbewerbsfähigkeit, das Wachstum und die Attraktivität Europas im Bereich der Rohstoffe zu fördern.</p>



<div class="wp-block-buttons is-content-justification-left is-layout-flex wp-container-core-buttons-is-layout-3 wp-block-buttons-is-layout-flex">
<div class="wp-block-button is-style-outline is-style-outline--95337892cf737b774a300cb6aeae44bd"><a class="wp-block-button__link wp-element-button" href="https://eitrawmaterials.eu/" target="_blank" rel="noreferrer noopener">Besuche die EIT RawMaterials-Webseite</a></div>
</div>
</div>
</div>



<div style="height:60px" aria-hidden="true" class="wp-block-spacer"></div>



<div class="wp-block-columns is-layout-flex wp-container-core-columns-is-layout-4 wp-block-columns-is-layout-flex">
<div class="wp-block-column is-vertically-aligned-top is-layout-flow wp-block-column-is-layout-flow" style="flex-basis:33.33%"><div class="wp-block-image is-style-default">
<figure class="aligncenter size-full is-resized"><img loading="lazy" decoding="async" width="355" height="115" src="https://esmfoundation.org/wp-content/uploads/2024/06/iBAT_Logo_115px.png" alt="" class="wp-image-4012" style="width:250px" srcset="https://esmfoundation.org/wp-content/uploads/2024/06/iBAT_Logo_115px.png 355w, https://esmfoundation.org/wp-content/uploads/2024/06/iBAT_Logo_115px-300x97.png 300w" sizes="(max-width: 355px) 100vw, 355px" /></figure></div></div>



<div class="wp-block-column is-vertically-aligned-center is-layout-flow wp-block-column-is-layout-flow" style="flex-basis:66.66%">
<h3 class="wp-block-heading">iBat Association</h3>



<p>Die ESM-Stiftung ist Mitglied und Teil des iBat-Netzwerks.</p>



<p>Aufgrund ihres Einsatzes im umweltgerechten Transportwesen, in der Technologie für erneuerbare Energien, in mobilen medizinischen Geräten und in der Robotertechnik nimmt die Bedeutung von Batterien zu. Der Verein iBat ist eine Schweizer Non-Profit-Organisation, die sich für die Stärkung der Wettbewerbsfähigkeit der Schweiz im Bereich der Batterieanwendungen und -technologien einsetzt, indem sie Industrie, Behörden und Forschungseinrichtungen vertritt.</p>



<div class="wp-block-buttons is-content-justification-left is-layout-flex wp-container-core-buttons-is-layout-4 wp-block-buttons-is-layout-flex">
<div class="wp-block-button is-style-outline is-style-outline--923bab7ee1c71ef9c8ea4d0bed432974"><a class="wp-block-button__link wp-element-button" href="https://ibat.swiss/" target="_blank" rel="noreferrer noopener">Besuche die iBat-Webseite</a></div>
</div>
</div>
</div>



<div style="height:60px" aria-hidden="true" class="wp-block-spacer"></div>



<div class="wp-block-columns is-layout-flex wp-container-core-columns-is-layout-5 wp-block-columns-is-layout-flex">
<div class="wp-block-column is-vertically-aligned-top is-layout-flow wp-block-column-is-layout-flow" style="flex-basis:33.33%"><div class="wp-block-image is-style-default">
<figure class="aligncenter size-full is-resized"><img loading="lazy" decoding="async" width="284" height="177" src="https://esmfoundation.org/wp-content/uploads/2024/08/FutuRaM.jpg" alt="" class="wp-image-4488" style="width:250px"/></figure></div></div>



<div class="wp-block-column is-vertically-aligned-center is-layout-flow wp-block-column-is-layout-flow" style="flex-basis:66.66%">
<h3 class="wp-block-heading">FutuRaM</h3>



<p>Die ESM Stiftung ist im Beirat des von Horizon Europe finanzierten Projekts FutuRaM (Future Availability of Secondary Raw Materials) vertreten.</p>



<p>FutuRaM ist ein Projekt, das darauf abzielt, die Verfügbarkeit und Wiederverwertbarkeit von Sekundärrohstoffen in der EU bis zum Jahr 2050 zu analysieren und zu sichern, wobei ein besonderer Schwerpunkt auf kritischen Rohstoffen liegt. Das Projekt wird die Menge der derzeit genutzten und im Abfallstrom befindlichen Rohstoffe ermitteln und das Potenzial für ihre Rückgewinnung modellieren. Um diese Ziele zu erreichen, wird FutuRaM eine Berichterstattungsstruktur, eine Methodik und einen Leitfaden für die Weiterentwicklung der derzeitigen Wissensbasis über Rohstoffe und die Einbeziehung von Daten über Sekundärrohstoffe und kritische Rohstoffe zur Modellierung bestehender Bestände und Ströme erstellen.</p>



<div class="wp-block-buttons is-content-justification-left is-layout-flex wp-container-core-buttons-is-layout-5 wp-block-buttons-is-layout-flex">
<div class="wp-block-button is-style-outline is-style-outline--5844dbcffd94e6a63a8468430c2c8ff3"><a class="wp-block-button__link wp-element-button" href="https://futuram.eu/" target="_blank" rel="noreferrer noopener">Besuche die FutuRam-Webseite</a></div>
</div>
</div>
</div>
</div>
</div>

<p>Wir sind davon überzeugt, dass die grossen Herausforderungen unserer Zeit nur dann angemessen bewältigt werden können, wenn alle Beteiligten an einem Strang ziehen und ein gemeinsames Ziel verfolgen. Öffentlich-private Partnerschaften (PPP) sind eine Möglichkeit, diese Zusammenarbeit auf wirksame Art und Weise zu erreichen. Aus diesem Grund koordiniert die ESM-Stiftung Projekte, die auf verschiedenen öffentlich-privaten Partnerschaften&#8230; </p>
<div class="clear"></div>
<p><a href="https://esmfoundation.org/de/what-we-do/partnerschaften/" class="excerpt-read-more">Read More</a></p>
