{"id":5274,"date":"2023-08-30T17:00:25","date_gmt":"2023-08-30T15:00:25","guid":{"rendered":"https:\/\/esmfoundation.org\/?page_id=5274"},"modified":"2024-09-02T14:00:08","modified_gmt":"2024-09-02T12:00:08","slug":"unsere-mission","status":"publish","type":"page","link":"https:\/\/esmfoundation.org\/de\/who-we-are\/unsere-mission\/","title":{"rendered":"Unsere Mission"},"content":{"rendered":"\n<h5 class=\"wp-block-heading\">Die Stiftung ESM initiiert, unterst\u00fctzt und koordiniert Forschungs- und Bildungsprojekte, organisiert Veranstaltungen und f\u00f6rdert den fachlichen und gesellschaftlichen Diskurs zu kritischen Rohstoffen.<\/h5>\n\n\n\n<p>Bei der ESM-Stiftung legen wir den Schwerpunkt auf die Versorgungssicherheit und setzen uns f\u00fcr die nachhaltige Nutzung kritischer Metalle ein, die f\u00fcr moderne Technologien und die Energiewende unerl\u00e4sslich sind. Die Stiftung steht f\u00fcr einen hohen Anspruch an Wissenschaftlichkeit sowie politische und finanzielle Unabh\u00e4ngigkeit, erm\u00f6glicht durch ein seit 1951 nachhaltig bewirtschaftetes Stiftungskapital. Die Stiftung arbeitet eng mit Wissenschaft und Industrie im In- und Ausland zusammen und engagiert sich in \u00f6ffentlich finanzierten Projekten.<\/p>\n\n\n\n<hr class=\"wp-block-separator has-text-color has-alpha-channel-opacity has-background is-style-wide\" style=\"background-color:#f2cea2;color:#f2cea2\"\/>\n\n\n\n<div class=\"wp-block-columns is-layout-flex wp-container-core-columns-is-layout-1 wp-block-columns-is-layout-flex\">\n<div class=\"wp-block-column is-layout-flow wp-block-column-is-layout-flow\">\n<figure class=\"wp-block-image size-large is-resized is-style-rounded\"><img loading=\"lazy\" decoding=\"async\" width=\"1024\" height=\"683\" src=\"https:\/\/esmfoundation.org\/wp-content\/uploads\/2024\/07\/zach-reiner-hW11fwjzVfA-unsplash-1024x683.jpg\" alt=\"\" class=\"wp-image-4344\" style=\"aspect-ratio:1;object-fit:cover;width:200px\" srcset=\"https:\/\/esmfoundation.org\/wp-content\/uploads\/2024\/07\/zach-reiner-hW11fwjzVfA-unsplash-1024x683.jpg 1024w, https:\/\/esmfoundation.org\/wp-content\/uploads\/2024\/07\/zach-reiner-hW11fwjzVfA-unsplash-300x200.jpg 300w, https:\/\/esmfoundation.org\/wp-content\/uploads\/2024\/07\/zach-reiner-hW11fwjzVfA-unsplash-768x512.jpg 768w, https:\/\/esmfoundation.org\/wp-content\/uploads\/2024\/07\/zach-reiner-hW11fwjzVfA-unsplash-1536x1024.jpg 1536w, https:\/\/esmfoundation.org\/wp-content\/uploads\/2024\/07\/zach-reiner-hW11fwjzVfA-unsplash-2048x1365.jpg 2048w\" sizes=\"(max-width: 1024px) 100vw, 1024px\" \/><\/figure>\n\n\n\n<div style=\"height:25px\" aria-hidden=\"true\" class=\"wp-block-spacer\"><\/div>\n\n\n\n<h4 class=\"wp-block-heading\">Unabh\u00e4ngigkeit und Nachhaltigkeit<\/h4>\n\n\n\n<p>Die Stiftung steht f\u00fcr politische und finanzielle Unabh\u00e4ngigkeit, die f\u00fcr eine unvoreingenommene Forschung und Interessenvertretung unerl\u00e4sslich ist. Diese Unabh\u00e4ngigkeit wird durch unser Stiftungskapital erm\u00f6glicht, das seit 1951 nachhaltig verwaltet wird. Unser langj\u00e4hriges, umsichtiges Finanzmanagement erm\u00f6glicht es uns, Projekte und Initiativen zu unterst\u00fctzen, ohne auf externen politischen oder wirtschaftlichen Druck angewiesen zu sein.<\/p>\n<\/div>\n\n\n\n<div class=\"wp-block-column is-layout-flow wp-block-column-is-layout-flow\">\n<figure class=\"wp-block-image size-large is-resized is-style-rounded\"><img loading=\"lazy\" decoding=\"async\" width=\"1024\" height=\"576\" src=\"https:\/\/esmfoundation.org\/wp-content\/uploads\/2024\/07\/dan-dimmock-3mt71MKGjQ0-unsplash-1024x576.jpg\" alt=\"\" class=\"wp-image-4345\" style=\"aspect-ratio:1;object-fit:cover;width:200px\" srcset=\"https:\/\/esmfoundation.org\/wp-content\/uploads\/2024\/07\/dan-dimmock-3mt71MKGjQ0-unsplash-1024x576.jpg 1024w, https:\/\/esmfoundation.org\/wp-content\/uploads\/2024\/07\/dan-dimmock-3mt71MKGjQ0-unsplash-300x169.jpg 300w, https:\/\/esmfoundation.org\/wp-content\/uploads\/2024\/07\/dan-dimmock-3mt71MKGjQ0-unsplash-768x432.jpg 768w, https:\/\/esmfoundation.org\/wp-content\/uploads\/2024\/07\/dan-dimmock-3mt71MKGjQ0-unsplash-1536x864.jpg 1536w, https:\/\/esmfoundation.org\/wp-content\/uploads\/2024\/07\/dan-dimmock-3mt71MKGjQ0-unsplash-2048x1152.jpg 2048w\" sizes=\"(max-width: 1024px) 100vw, 1024px\" \/><\/figure>\n\n\n\n<div style=\"height:25px\" aria-hidden=\"true\" class=\"wp-block-spacer\"><\/div>\n\n\n\n<h4 class=\"wp-block-heading\">Verpflichtung zu wissenschaftlicher H\u00f6chstleistung<\/h4>\n\n\n\n<p>Die ESM-Stiftung ist bestrebt, bei ihren Projekten und Aktivit\u00e4ten den h\u00f6chsten Standard an wissenschaftlicher Qualit\u00e4t zu erreichen. Wir verpflichten uns zu strengen Forschungspraktiken und legen Wert auf wissenschaftliche Integrit\u00e4t und Exzellenz. Unsere Projekte sollen wertvolle Erkenntnisse und Fortschritte auf dem Gebiet der kritischen Rohstoffe bringen.<\/p>\n<\/div>\n<\/div>\n\n\n\n<div class=\"wp-block-columns is-layout-flex wp-container-core-columns-is-layout-2 wp-block-columns-is-layout-flex\">\n<div class=\"wp-block-column is-layout-flow wp-block-column-is-layout-flow\">\n<figure class=\"wp-block-image size-large is-resized is-style-rounded\"><img loading=\"lazy\" decoding=\"async\" width=\"1024\" height=\"683\" src=\"https:\/\/esmfoundation.org\/wp-content\/uploads\/2024\/07\/vardan-papikyan-JzE1dHEaAew-unsplash-1024x683.jpg\" alt=\"\" class=\"wp-image-4346\" style=\"aspect-ratio:1;object-fit:cover;width:200px\" srcset=\"https:\/\/esmfoundation.org\/wp-content\/uploads\/2024\/07\/vardan-papikyan-JzE1dHEaAew-unsplash-1024x683.jpg 1024w, https:\/\/esmfoundation.org\/wp-content\/uploads\/2024\/07\/vardan-papikyan-JzE1dHEaAew-unsplash-300x200.jpg 300w, https:\/\/esmfoundation.org\/wp-content\/uploads\/2024\/07\/vardan-papikyan-JzE1dHEaAew-unsplash-768x512.jpg 768w, https:\/\/esmfoundation.org\/wp-content\/uploads\/2024\/07\/vardan-papikyan-JzE1dHEaAew-unsplash-1536x1024.jpg 1536w, https:\/\/esmfoundation.org\/wp-content\/uploads\/2024\/07\/vardan-papikyan-JzE1dHEaAew-unsplash-2048x1365.jpg 2048w\" sizes=\"(max-width: 1024px) 100vw, 1024px\" \/><\/figure>\n\n\n\n<div style=\"height:25px\" aria-hidden=\"true\" class=\"wp-block-spacer\"><\/div>\n\n\n\n<h4 class=\"wp-block-heading\">Gemeinsame Bem\u00fchungen<\/h4>\n\n\n\n<p>Bei unserer Arbeit arbeiten wir eng mit Wissenschaft und Industrie im In- und Ausland zusammen. Wir gehen Partnerschaften mit akademischen Einrichtungen, industriellen Interessengruppen und anderen Organisationen ein, um ein breites Spektrum an Fachwissen und Ressourcen zu nutzen. Dieser kooperative Ansatz erm\u00f6glicht es uns, Innovationen voranzutreiben, komplexe Herausforderungen anzugehen und praktische L\u00f6sungen zu f\u00f6rdern.<\/p>\n<\/div>\n\n\n\n<div class=\"wp-block-column is-layout-flow wp-block-column-is-layout-flow\">\n<figure class=\"wp-block-image size-large is-resized is-style-rounded\"><img loading=\"lazy\" decoding=\"async\" width=\"1024\" height=\"682\" src=\"https:\/\/esmfoundation.org\/wp-content\/uploads\/2024\/07\/jacek-dylag-PMxT0XtQ-A-unsplash-1024x682.jpg\" alt=\"\" class=\"wp-image-4347\" style=\"aspect-ratio:1;object-fit:cover;width:200px\" srcset=\"https:\/\/esmfoundation.org\/wp-content\/uploads\/2024\/07\/jacek-dylag-PMxT0XtQ-A-unsplash-1024x682.jpg 1024w, https:\/\/esmfoundation.org\/wp-content\/uploads\/2024\/07\/jacek-dylag-PMxT0XtQ-A-unsplash-300x200.jpg 300w, https:\/\/esmfoundation.org\/wp-content\/uploads\/2024\/07\/jacek-dylag-PMxT0XtQ-A-unsplash-768x511.jpg 768w, https:\/\/esmfoundation.org\/wp-content\/uploads\/2024\/07\/jacek-dylag-PMxT0XtQ-A-unsplash-1536x1022.jpg 1536w, https:\/\/esmfoundation.org\/wp-content\/uploads\/2024\/07\/jacek-dylag-PMxT0XtQ-A-unsplash-2048x1363.jpg 2048w\" sizes=\"(max-width: 1024px) 100vw, 1024px\" \/><\/figure>\n\n\n\n<div style=\"height:25px\" aria-hidden=\"true\" class=\"wp-block-spacer\"><\/div>\n\n\n\n<h4 class=\"wp-block-heading\">\u00d6ffentlich finanzierte Projekte<\/h4>\n\n\n\n<p>Die ESM-Stiftung ist auch aktiv an \u00f6ffentlich finanzierten Projekten beteiligt. Durch die Teilnahme an diesen Initiativen stimmen wir unsere Bem\u00fchungen mit nationalen und internationalen Priorit\u00e4ten ab und stellen sicher, dass unsere Arbeit zu breiteren gesellschaftlichen Zielen beitr\u00e4gt. Diese Projekte erm\u00f6glichen es uns, unseren Einfluss zu vergr\u00f6\u00dfern und auf nachhaltige, langfristige L\u00f6sungen f\u00fcr den kritischen Metallsektor hinzuarbeiten.<\/p>\n<\/div>\n<\/div>\n","protected":false},"excerpt":{"rendered":"<p>Die Stiftung ESM initiiert, unterst\u00fctzt und koordiniert Forschungs- und Bildungsprojekte, organisiert Veranstaltungen und f\u00f6rdert den fachlichen und gesellschaftlichen Diskurs zu kritischen Rohstoffen. Bei der ESM-Stiftung legen wir den Schwerpunkt auf die Versorgungssicherheit und setzen uns f\u00fcr die nachhaltige Nutzung kritischer Metalle ein, die f\u00fcr moderne Technologien und die Energiewende unerl\u00e4sslich sind. Die Stiftung steht f\u00fcr&#8230; <\/p>\n<div class=\"clear\"><\/div>\n<p><a href=\"https:\/\/esmfoundation.org\/de\/who-we-are\/unsere-mission\/\" class=\"excerpt-read-more\">Read More<\/a><\/p>\n","protected":false},"author":395,"featured_media":0,"parent":4609,"menu_order":1,"comment_status":"closed","ping_status":"closed","template":"","meta":{"_ti_tpc_template_sync":false,"_ti_tpc_template_id":"","footnotes":""},"class_list":["post-5274","page","type-page","status-publish","hentry"],"_links":{"self":[{"href":"https:\/\/esmfoundation.org\/de\/wp-json\/wp\/v2\/pages\/5274"}],"collection":[{"href":"https:\/\/esmfoundation.org\/de\/wp-json\/wp\/v2\/pages"}],"about":[{"href":"https:\/\/esmfoundation.org\/de\/wp-json\/wp\/v2\/types\/page"}],"author":[{"embeddable":true,"href":"https:\/\/esmfoundation.org\/de\/wp-json\/wp\/v2\/users\/395"}],"replies":[{"embeddable":true,"href":"https:\/\/esmfoundation.org\/de\/wp-json\/wp\/v2\/comments?post=5274"}],"version-history":[{"count":2,"href":"https:\/\/esmfoundation.org\/de\/wp-json\/wp\/v2\/pages\/5274\/revisions"}],"predecessor-version":[{"id":5276,"href":"https:\/\/esmfoundation.org\/de\/wp-json\/wp\/v2\/pages\/5274\/revisions\/5276"}],"up":[{"embeddable":true,"href":"https:\/\/esmfoundation.org\/de\/wp-json\/wp\/v2\/pages\/4609"}],"wp:attachment":[{"href":"https:\/\/esmfoundation.org\/de\/wp-json\/wp\/v2\/media?parent=5274"}],"curies":[{"name":"wp","href":"https:\/\/api.w.org\/{rel}","templated":true}]}}

<h5 class="wp-block-heading">Die Stiftung ESM initiiert, unterstützt und koordiniert Forschungs- und Bildungsprojekte, organisiert Veranstaltungen und fördert den fachlichen und gesellschaftlichen Diskurs zu kritischen Rohstoffen.</h5>



<p>Bei der ESM-Stiftung legen wir den Schwerpunkt auf die Versorgungssicherheit und setzen uns für die nachhaltige Nutzung kritischer Metalle ein, die für moderne Technologien und die Energiewende unerlässlich sind. Die Stiftung steht für einen hohen Anspruch an Wissenschaftlichkeit sowie politische und finanzielle Unabhängigkeit, ermöglicht durch ein seit 1951 nachhaltig bewirtschaftetes Stiftungskapital. Die Stiftung arbeitet eng mit Wissenschaft und Industrie im In- und Ausland zusammen und engagiert sich in öffentlich finanzierten Projekten.</p>



<hr class="wp-block-separator has-text-color has-alpha-channel-opacity has-background is-style-wide" style="background-color:#f2cea2;color:#f2cea2"/>



<div class="wp-block-columns is-layout-flex wp-container-core-columns-is-layout-1 wp-block-columns-is-layout-flex">
<div class="wp-block-column is-layout-flow wp-block-column-is-layout-flow">
<figure class="wp-block-image size-large is-resized is-style-rounded"><img loading="lazy" decoding="async" width="1024" height="683" src="https://esmfoundation.org/wp-content/uploads/2024/07/zach-reiner-hW11fwjzVfA-unsplash-1024x683.jpg" alt="" class="wp-image-4344" style="aspect-ratio:1;object-fit:cover;width:200px" srcset="https://esmfoundation.org/wp-content/uploads/2024/07/zach-reiner-hW11fwjzVfA-unsplash-1024x683.jpg 1024w, https://esmfoundation.org/wp-content/uploads/2024/07/zach-reiner-hW11fwjzVfA-unsplash-300x200.jpg 300w, https://esmfoundation.org/wp-content/uploads/2024/07/zach-reiner-hW11fwjzVfA-unsplash-768x512.jpg 768w, https://esmfoundation.org/wp-content/uploads/2024/07/zach-reiner-hW11fwjzVfA-unsplash-1536x1024.jpg 1536w, https://esmfoundation.org/wp-content/uploads/2024/07/zach-reiner-hW11fwjzVfA-unsplash-2048x1365.jpg 2048w" sizes="(max-width: 1024px) 100vw, 1024px" /></figure>



<div style="height:25px" aria-hidden="true" class="wp-block-spacer"></div>



<h4 class="wp-block-heading">Unabhängigkeit und Nachhaltigkeit</h4>



<p>Die Stiftung steht für politische und finanzielle Unabhängigkeit, die für eine unvoreingenommene Forschung und Interessenvertretung unerlässlich ist. Diese Unabhängigkeit wird durch unser Stiftungskapital ermöglicht, das seit 1951 nachhaltig verwaltet wird. Unser langjähriges, umsichtiges Finanzmanagement ermöglicht es uns, Projekte und Initiativen zu unterstützen, ohne auf externen politischen oder wirtschaftlichen Druck angewiesen zu sein.</p>
</div>



<div class="wp-block-column is-layout-flow wp-block-column-is-layout-flow">
<figure class="wp-block-image size-large is-resized is-style-rounded"><img loading="lazy" decoding="async" width="1024" height="576" src="https://esmfoundation.org/wp-content/uploads/2024/07/dan-dimmock-3mt71MKGjQ0-unsplash-1024x576.jpg" alt="" class="wp-image-4345" style="aspect-ratio:1;object-fit:cover;width:200px" srcset="https://esmfoundation.org/wp-content/uploads/2024/07/dan-dimmock-3mt71MKGjQ0-unsplash-1024x576.jpg 1024w, https://esmfoundation.org/wp-content/uploads/2024/07/dan-dimmock-3mt71MKGjQ0-unsplash-300x169.jpg 300w, https://esmfoundation.org/wp-content/uploads/2024/07/dan-dimmock-3mt71MKGjQ0-unsplash-768x432.jpg 768w, https://esmfoundation.org/wp-content/uploads/2024/07/dan-dimmock-3mt71MKGjQ0-unsplash-1536x864.jpg 1536w, https://esmfoundation.org/wp-content/uploads/2024/07/dan-dimmock-3mt71MKGjQ0-unsplash-2048x1152.jpg 2048w" sizes="(max-width: 1024px) 100vw, 1024px" /></figure>



<div style="height:25px" aria-hidden="true" class="wp-block-spacer"></div>



<h4 class="wp-block-heading">Verpflichtung zu wissenschaftlicher Höchstleistung</h4>



<p>Die ESM-Stiftung ist bestrebt, bei ihren Projekten und Aktivitäten den höchsten Standard an wissenschaftlicher Qualität zu erreichen. Wir verpflichten uns zu strengen Forschungspraktiken und legen Wert auf wissenschaftliche Integrität und Exzellenz. Unsere Projekte sollen wertvolle Erkenntnisse und Fortschritte auf dem Gebiet der kritischen Rohstoffe bringen.</p>
</div>
</div>



<div class="wp-block-columns is-layout-flex wp-container-core-columns-is-layout-2 wp-block-columns-is-layout-flex">
<div class="wp-block-column is-layout-flow wp-block-column-is-layout-flow">
<figure class="wp-block-image size-large is-resized is-style-rounded"><img loading="lazy" decoding="async" width="1024" height="683" src="https://esmfoundation.org/wp-content/uploads/2024/07/vardan-papikyan-JzE1dHEaAew-unsplash-1024x683.jpg" alt="" class="wp-image-4346" style="aspect-ratio:1;object-fit:cover;width:200px" srcset="https://esmfoundation.org/wp-content/uploads/2024/07/vardan-papikyan-JzE1dHEaAew-unsplash-1024x683.jpg 1024w, https://esmfoundation.org/wp-content/uploads/2024/07/vardan-papikyan-JzE1dHEaAew-unsplash-300x200.jpg 300w, https://esmfoundation.org/wp-content/uploads/2024/07/vardan-papikyan-JzE1dHEaAew-unsplash-768x512.jpg 768w, https://esmfoundation.org/wp-content/uploads/2024/07/vardan-papikyan-JzE1dHEaAew-unsplash-1536x1024.jpg 1536w, https://esmfoundation.org/wp-content/uploads/2024/07/vardan-papikyan-JzE1dHEaAew-unsplash-2048x1365.jpg 2048w" sizes="(max-width: 1024px) 100vw, 1024px" /></figure>



<div style="height:25px" aria-hidden="true" class="wp-block-spacer"></div>



<h4 class="wp-block-heading">Gemeinsame Bemühungen</h4>



<p>Bei unserer Arbeit arbeiten wir eng mit Wissenschaft und Industrie im In- und Ausland zusammen. Wir gehen Partnerschaften mit akademischen Einrichtungen, industriellen Interessengruppen und anderen Organisationen ein, um ein breites Spektrum an Fachwissen und Ressourcen zu nutzen. Dieser kooperative Ansatz ermöglicht es uns, Innovationen voranzutreiben, komplexe Herausforderungen anzugehen und praktische Lösungen zu fördern.</p>
</div>



<div class="wp-block-column is-layout-flow wp-block-column-is-layout-flow">
<figure class="wp-block-image size-large is-resized is-style-rounded"><img loading="lazy" decoding="async" width="1024" height="682" src="https://esmfoundation.org/wp-content/uploads/2024/07/jacek-dylag-PMxT0XtQ-A-unsplash-1024x682.jpg" alt="" class="wp-image-4347" style="aspect-ratio:1;object-fit:cover;width:200px" srcset="https://esmfoundation.org/wp-content/uploads/2024/07/jacek-dylag-PMxT0XtQ-A-unsplash-1024x682.jpg 1024w, https://esmfoundation.org/wp-content/uploads/2024/07/jacek-dylag-PMxT0XtQ-A-unsplash-300x200.jpg 300w, https://esmfoundation.org/wp-content/uploads/2024/07/jacek-dylag-PMxT0XtQ-A-unsplash-768x511.jpg 768w, https://esmfoundation.org/wp-content/uploads/2024/07/jacek-dylag-PMxT0XtQ-A-unsplash-1536x1022.jpg 1536w, https://esmfoundation.org/wp-content/uploads/2024/07/jacek-dylag-PMxT0XtQ-A-unsplash-2048x1363.jpg 2048w" sizes="(max-width: 1024px) 100vw, 1024px" /></figure>



<div style="height:25px" aria-hidden="true" class="wp-block-spacer"></div>



<h4 class="wp-block-heading">Öffentlich finanzierte Projekte</h4>



<p>Die ESM-Stiftung ist auch aktiv an öffentlich finanzierten Projekten beteiligt. Durch die Teilnahme an diesen Initiativen stimmen wir unsere Bemühungen mit nationalen und internationalen Prioritäten ab und stellen sicher, dass unsere Arbeit zu breiteren gesellschaftlichen Zielen beiträgt. Diese Projekte ermöglichen es uns, unseren Einfluss zu vergrößern und auf nachhaltige, langfristige Lösungen für den kritischen Metallsektor hinzuarbeiten.</p>
</div>
</div>

<p>Die Stiftung ESM initiiert, unterstützt und koordiniert Forschungs- und Bildungsprojekte, organisiert Veranstaltungen und fördert den fachlichen und gesellschaftlichen Diskurs zu kritischen Rohstoffen. Bei der ESM-Stiftung legen wir den Schwerpunkt auf die Versorgungssicherheit und setzen uns für die nachhaltige Nutzung kritischer Metalle ein, die für moderne Technologien und die Energiewende unerlässlich sind. Die Stiftung steht für&#8230; </p>
<div class="clear"></div>
<p><a href="https://esmfoundation.org/de/who-we-are/unsere-mission/" class="excerpt-read-more">Read More</a></p>
